. Let k = 155 - l. Suppose 0 = -n - 4*n + 85. What is the remainder when k is divided by n?
14
Let h(c) = 2*c - 11. Let p be h(7). Suppose -y + 10 - 61 = 4*m, 2*m = p*y + 111. Let j = y + 117. What is the remainder when j is divided by 20?
18
Suppose -66 - 44 = 3*a - w, w - 40 = a. Let u(c) = -c + 2. Calculate the remainder when 38/10 + (-7)/a is divided by u(0).
0
Suppose -2*f - 86 = -4*m, -4*f - 14 = 6. Suppose -9 - m = 4*p. Let z(w) = -w**3 - 7*w**2 - w - 4. Calculate the remainder when 10 is divided by z(p).
1
Let g = 223 - 77. What is the remainder when g is divided by 21?
20
Suppose -4*r + 28 = -4*h, 0*h + 4*h + 32 = 2*r. Let p = -2 - h. Calculate the remainder when (-152)/266 + (-162)/(-14) is divided by p.
4
Suppose -4*j + i = -961, 0 = 2*j + 41*i - 40*i - 485. What is the remainder when j is divided by 49?
45
Let v(g) = 3*g + 14. Suppose 0 = -5*r - x + 2, -4*r + r + x = 2. Suppose 0*a - 2*a + 8 = r. Calculate the remainder when v(0) is divided by a.
2
Let u be 8/(-12)*24 - 2. What is the remainder when 45 is divided by u*120/45*(-1)/2?
21
Let l = 34 - 29. Suppose 2*g - 8 = -0. Calculate the remainder when l is divided by g.
1
Suppose 4*c - 1 = 11. Suppose -2*k = -5*k - c. Let t = k + 15. Calculate the remainder when t is divided by 6.
2
Let g = 508 - 361. What is the remainder when g is divided by 31?
23
Let w(g) = 229*g - 7. Let o be w(3). Let d be (-2)/4 + o/16. Calculate the remainder when (117/(-27))/((-2)/d) is divided by 31.
29
Calculate the remainder when 59 is divided by 8/16 - 31/(-2).
11
Let q(x) = 24*x + 1. Let b be q(-10). Let v = -163 - b. Calculate the remainder when v is divided by 13.
11
Calculate the remainder when 1206 - (-10 + 4/1) is divided by 402.
6
Let i(v) = v + 1. Let b be i(7). Let g = -14 + b. What is the remainder when -99*(20/g + 3) is divided by 17?
16
Let g = 212 + 37. Calculate the remainder when g is divided by 18.
15
Let f(q) = -84*q - 4. What is the remainder when f(-2) is divided by -1*1/(1/(-33))?
32
Suppose 72 = 43*x - 39*x. Calculate the remainder when (x/(-8))/(5 - (-202)/(-40)) is divided by 23.
22
Suppose 0 = -h + 5*h + 108. Let d be h/((2 + -5)/3). Calculate the remainder when 55 is divided by d - (-4 - 0) - 2.
26
Let h = -25 + 40. Let m(j) be the second derivative of -j**5/20 + 5*j**4/12 + 5*j**3/2 + 10*j**2 - 44*j. What is the remainder when m(7) is divided by h?
12
Let f = -17 + 22. Suppose 5*i + 3*w = -w + 151, -2*i + 74 = f*w. Calculate the remainder when i is divided by 5*3/(-1 + 2).
12
Suppose -175 = -6*l + 233. Let r = 60 + -24. Calculate the remainder when l is divided by r.
32
Let f = 70 - 60. Suppose -7*b = -f*b + 24. Calculate the remainder when ((-20)/3)/((-4)/18) is divided by b.
6
Let h = -268 - -597. What is the remainder when h is divided by 9?
5
Suppose 2*r - 13 = 9. Let f = r - 4. Calculate the remainder when 0 - (-23 - (1 + -4)) is divided by f.
6
Suppose -359 = -2*i - 23*m + 20*m, 0 = i + 4*m - 187. What is the remainder when i is divided by 18?
13
Let x = 8 - -3. Suppose 0 = -5*h - 1 + x. Suppose h*o + 5*g - 59 = 0, 12 = -4*g - 8. Calculate the remainder when o is divided by 15.
12
Let t be ((-6)/7)/(6 - 123/21). Calculate the remainder when ((-24)/(-5))/4*(-80)/t is divided by 10.
6
Let y(i) = -4*i**3 - 2*i**2 - 3*i. Let f(l) = -12*l**2 + 173*l - 49. Calculate the remainder when y(-3) is divided by f(14).
15
Let z = 207 + -109. Let u(j) = j**3 - 10*j**2 + 8*j. Let m be u(9). Let g(f) = 2*f + 43. Calculate the remainder when z is divided by g(m).
23
Let u(t) = t**2 + 2*t - 8. What is the remainder when (0 - -8) + (-204 - -273) is divided by u(6)?
37
What is the remainder when 452 is divided by 4/8 + 282/12?
20
Let r(f) = f + 3. Let b be r(-3). Suppose -t + 20 + b = 0. What is the remainder when t is divided by (-28)/(-10)*(-35)/(-14)?
6
Let n = 1330 + -1238. What is the remainder when 1193 is divided by n?
89
Calculate the remainder when -32*25/(-10) + 6 is divided by 23.
17
Let h(u) = 205*u**2 - 1. Let q be h(-1). Let v = q + -140. Suppose 12*j = 5*j + 91. What is the remainder when v is divided by j?
12
Suppose 2*g = -5*p + 18, 0 = 3*p - 0*p + 5*g - 26. Suppose -3*y = -d - 64, 7*y - p*y - 106 = d. Calculate the remainder when 2/7 - 834/(-21) is divided by y.
19
Suppose -9*j + 750 = 93. Calculate the remainder when j is divided by 38.
35
Let x = 351 - 269. What is the remainder when x is divided by 22?
16
Suppose 0 = -125*i + 133*i - 136. Calculate the remainder when 52 is divided by i.
1
Let r = 15 - 18. Let l(k) = k**2 - 5*k + 1. Let h(n) = n**2 - 5*n. Let q(v) = r*h(v) + 4*l(v). Calculate the remainder when 83 is divided by q(-3).
27
Suppose i = 3*l + 66, 3*l = 2*i - 85 - 50. Calculate the remainder when 619 is divided by i.
67
Suppose -50*j - 2850 = -60*j. What is the remainder when j is divided by 26?
25
Let v = 48 - 46. Let h be (-6)/15 + 54/10. Suppose v*d = r - 3*d - h, 4*d - 16 = 0. Calculate the remainder when r is divided by 7.
4
Calculate the remainder when 186 is divided by 0 + (9/21)/(4/308).
21
Let s be 336/80 + (-2)/10. Suppose -s*b - 2*k + 0*k = -46, -4*k = -3*b + 18. What is the remainder when 36 is divided by b?
6
Let v(u) = -7*u + 365. What is the remainder when v(39) is divided by 51?
41
Suppose i = 4*k - 0*i - 271, 2*i = 2*k - 134. What is the remainder when k is divided by 24?
20
What is the remainder when (-138)/4*56/(-21) is divided by 49?
43
Let i(g) = -g - 1. Let j be i(1). Let o(z) = -30*z + 2. Calculate the remainder when o(j) is divided by 21.
20
Let x be -1 - 10 - (7 + -11). What is the remainder when 11 is divided by x*(39/(-21) + 1)?
5
Suppose -5*j = 3*u - 316, u - 289 = -5*j + 23. What is the remainder when j is divided by 32?
30
Let n = 7 + 0. What is the remainder when (1 - 1648/(-44)) + 342/627 is divided by n?
4
Let i(q) be the first derivative of 2*q**3/3 + 8*q**2 + 19*q - 9. Let a = -19 - -34. Calculate the remainder when i(-10) is divided by a.
14
Let k be (12/(-7))/((-3)/21). Suppose 0 = s + 3*s + k. Calculate the remainder when 24 is divided by ((-1)/s)/(1/27).
6
Suppose -40 = 5*n - 10*n. Let f = 67 - 37. What is the remainder when f is divided by n?
6
Suppose -n = 3*b - 25, 4*b - 3*n = -0*b + 16. Suppose u = 4*t - u - 32, 3*t + u = 29. What is the remainder when t is divided by ((-48)/28)/((-2)/b)?
3
Suppose -5*f = -2*r - 1810, -3*f = 2*f - r - 1815. What is the remainder when f is divided by 61?
59
Suppose -8*w + 152 = -224. Calculate the remainder when 59 is divided by w.
12
What is the remainder when ((-80944)/(-184) - 5) + (-2)/(-23) is divided by 88?
83
Suppose f - s - 7 = -0*s, 4*s = -f - 18. Suppose -4*x - 3 = -5*x. What is the remainder when x is divided by ((-2)/1)/(f/(-3))?
0
Let u(q) = q**3 + 7*q**2 + 3*q + 1. Suppose -107 - 233 = -5*p + 2*v, -2*p = 2*v - 150. What is the remainder when p is divided by u(-4)?
33
Suppose -103*q - 3213 = -222*q. Suppose 2*u - 14 = 32. Suppose -w + 82 = -u. What is the remainder when w is divided by q?
24
Suppose 3*x + 5*s = 215, 2*s - 282 = -4*x - 0*s. Let t = 1700 - 1664. Calculate the remainder when x is divided by t.
34
Calculate the remainder when 428 is divided by 85 + -17 + (0/2 - -4).
68
Suppose -4*n - 1 = -3*n - 2*a, 5*n - 55 = -2*a. Let z(g) = -43*g + 3. Let u be z(-3). Suppose -u = -4*m + m. What is the remainder when m is divided by n?
8
Calculate the remainder when 122 is divided by -1 + (-3 - -49) - 4.
40
Let p = 170 - 117. Suppose p + 34 = 3*r. Suppose -16 - r = -3*h. Calculate the remainder when 44 is divided by h.
14
Let a = 172 - 101. Suppose -2*b + 3*k = -86, -2*k + a + 101 = 4*b. Suppose -7*c - 4*u = -2*c - b, 3*u = -c + 2. What is the remainder when 21 is divided by c?
10
Let c = -51 - -48. Let w(v) = -v**3 + 3*v**2 + 5*v + 1. What is the remainder when 159 is divided by w(c)?
39
Suppose -4*j - 2*s + 50 = 0, 2*j - 4 - 18 = 2*s. Calculate the remainder when -3*((-770)/33)/2 is divided by j.
11
Let k = 30 - 6. Suppose 4*m = 6*m - k. What is the remainder when m is divided by 3?
0
Let l be (-2452)/(-52) - (-8)/(-52). Suppose 0 = -m + 3*b - 4 + 1, -5*b = 3*m - l. What is the remainder when 32 is divided by m?
5
Let j be 3*25 + (-12)/(-6). Let n(z) = z**3 - 9*z**2 - 3*z - 17. Let u be n(9). Calculate the remainder when 87 is divided by j/22*u/(-7).
21
Let t be 24*(